s 3761 a composite number?
False
Is 553 prime?
False
Is 997 a prime number?
True
Is 344593 prime?
False
Is 624157 a composite number?
True
Is 158 a composite number?
True
Is 226601 a composite number?
False
Is 1754033 a prime number?
True
Is 107893 a composite number?
True
Is 47189 prime?
True
Is 87991 a prime number?
True
Is 907 a prime number?
True
Is 11983 prime?
False
Is 12182809 a composite number?
False
Is 1243 prime?
False
Is 94373 a composite number?
True
Is 952667 prime?
True
Is 25163 composite?
False
Is 27031 prime?
True
Is 4727 prime?
False
Is 51817 a composite number?
False
Is 4471 composite?
True
Is 1865 composite?
True
Is 22189 composite?
False
Is 16499 a prime number?
False
Is 30055 composite?
True
Is 59973 prime?
False
Is 561013 a composite number?
True
Is 156571 a composite number?
True
Is 2933 prime?
False
Is 7541 a prime number?
True
Is 5729 composite?
True
Is 386189 composite?
True
Is 12953 a composite number?
False
Is 40286 prime?
False
Is 49641 prime?
False
Is 121955 a composite number?
True
Is 143687 a prime number?
True
Is 28453 composite?
True
Is 9173 composite?
False
Is 335822 composite?
True
Is 4928285 composite?
True
Is 112397 a composite number?
False
Is 356123 a prime number?
True
Is 55749 prime?
False
Is 16381 a composite number?
False
Is 9977 composite?
True
Is 1373321 a prime number?
True
Is 164953 a composite number?
False
Is 178 prime?
False
Is 705763 a prime number?
True
Is 2149 a prime number?
False
Is 12262 a prime number?
False
Is 51049 a composite number?
True
Is 105379 prime?
True
Is 9005 prime?
False
Is 727933 composite?
False
Is 690049 prime?
False
Is 5731 a prime number?
False
Is 9329 a prime number?
False
Is 897947 a prime number?
True
Is 4693021 a prime number?
True
Is 214651 prime?
True
Is 79161 a prime number?
False
Is 96598 a composite number?
True
Is 89069 composite?
False
Is 7513 a prime number?
False
Is 6101 composite?
False
Is 166119 a composite number?
True
Is 673813 composite?
True
Is 68359 composite?
True
Is 235301 a composite number?
True
Is 7891 prime?
False
Is 1074607 a composite number?
False
Is 9573 prime?
False
Is 117127 a composite number?
False
Is 14441 composite?
True
Is 96869 a prime number?
False
Is 1409 composite?
False
Is 22901 prime?
True
Is 610357 composite?
True
Is 17035 a prime number?
False
Is 4201 a prime number?
True
Is 3847 a composite number?
False
Is 530133 a prime number?
False
Is 146695 composite?
True
Is 256829 a prime number?
False
Is 60587 a prime number?
False
Is 263123 a composite number?
True
Is 355673 composite?
True
Is 569341 prime?
False
Is 650759 a composite number?
False
Is 5273 composite?
False
Is 521 prime?
True
Is 4373 a prime number?
True
Is 605497 a prime number?
True
Is 7020563 a prime number?
False
Is 122495 a composite number?
True
Is 812195 prime?
False
Is 872285 prime?
False
Is 23839 composite?
True
Is 4409 composite?
False
Is 73817 composite?
True
Is 836581 composite?
True
Is 29221 a prime number?
True
Is 28151 a prime number?
True
Is 31679 a prime number?
False
Is 1172401 composite?
False
Is 393609 prime?
False
Is 10771 prime?
True
Is 11369 prime?
True
Is 3481 a composite number?
True
Is 26997 composite?
True
Is 20851 a prime number?
False
Is 959 a composite number?
True
Is 69953 prime?
False
Is 634189 a composite number?
True
Is 941093 a prime number?
True
Is 41963 composite?
True
Is 11531 prime?
False
Is 20323 composite?
False
Is 770395 prime?
False
Is 41387 a composite number?
False
Is 175153 composite?
True
Is 4321 composite?
True
Is 18167 prime?
False
Is 38543 a composite number?
False
Is 1870159 composite?
False
Is 71567 composite?
True
Is 3389 composite?
False
Is 1379 prime?
False
Is 4717 composite?
True
Is 1321103 a composite number?
True
Is 204913 composite?
False
Is 977111 a composite number?
True
Is 2179 composite?
False
Is 43289 composite?
True
Is 143357 composite?
False
Is 25409 a prime number?
True
Is 18701 prime?
True
Is 25067 a composite number?
True
Is 182811 prime?
False
Is 35671 composite?
False
Is 873323 a composite number?
True
Is 15242 a composite number?
True
Is 42239 a composite number?
False
Is 82489 a composite number?
True
Is 698869 composite?
True
Is 1318917 a prime number?
False
Is 1272185 a composite number?
True
Is 31967 a composite number?
True
Is 40571 a composite number?
True
Is 19913 composite?
False
Is 788119 a prime number?
False
Is 2161 a composite number?
False
Is 270407 a composite number?
False
Is 336131 composite?
True
Is 22917 composite?
True
Is 54823 composite?
True
Is 633758 a composite number?
True
Is 326797 a composite number?
True
Is 194765 prime?
False
Is 295217 prime?
False
Is 603989 prime?
True
Is 381 a prime number?
False
Is 342949 prime?
True
Is 7669 prime?
True
Is 825793 a prime number?
False
Is 17103 a composite number?
True
Is 1234001 prime?
True
Is 243911 prime?
True
Is 1855331 a composite number?
True
Is 404573 prime?
False
Is 1207549 composite?
True
Is 2629 a prime number?
False
Is 54479 a prime number?
False
Is 209767 composite?
False
Is 580259 a composite number?
False
Is 2459 composite?
False
Is 2178323 prime?
False
Is 43481 a prime number?
True
Is 71087 composite?
True
Is 246241 a composite number?
False
Is 32117 a prime number?
True
Is 4237 a prime number?
False
Is 66647 a composite number?
True
Is 98907 a composite number?
True
Is 166561 composite?
False
Is 11409 prime?
False
Is 84353 composite?
True
Is 140879 prime?
False
Is 638539 composite?
True
Is 479342 composite?
True
Is 26417 composite?
False
Is 1101761 a prime number?
True
Is 229123 composite?
False
Is 223903 a composite number?
False
Is 15689 prime?
False
Is 50057 a composite number?
True
Is 35729 a prime number?
True
Is 65743 a composite number?
True
Is 10441 a composite number?
True
Is 24478 a prime number?
False
Is 10289 a composite number?
False
Is 1651291 composite?
False
Is 285407 prime?
False
Is 9901 a composite number?
False
Is 1177 a prime number?
False
Is 456091 prime?
True
Is 32366 prime?
False
Is 72269 a prime number?
True
Is 31351 a prime number?
False
Is 58538 prime?
False
Is 131873 a prime number?
False
Is 57623 a composite number?
True
Is 2909737 a composite number?
True
Is 3135581 a composite number?
True
Is 6243 a prime number?
False
Is 45491 composite?
False
Is 152015 a prime number?
False
Is 175511 a composite number?
True
Is 162209 a composite number?
False
Is 215573 composite?
False
Is 30031 a prime number?
False
Is 9853 prime?
False
Is 334289 a prime number?
True
Is 29011 a composite number?
True
Is 56993 prime?
True
Is 1259 prime?
True
Is 7601 a composite number?
True
Is 633 a composite number?
True
Is 426109 composite?
True
Is 12799 a composite number?
False
Is 351541 a prime number?
False
Is 72803 a prime number?
False
Is 759119 a prime number?
False
Is 16921 a prime number?
True
Is 7403 composite?
True
Is 48562 composite?
True
Is 840433 prime?
False
Is 210997 prime?
False
Is 148073 a composite number?
False
Is 11299 a prime number?
True
Is 758699 composite?
False
Is 940397 prime?
False
Is 52549 prime?
False
Is 18001 prime?
False
Is 53189 a composite number?
False
Is 60509 prime?
True
Is 78043 a prime number?
False
Is 85945 a prime number?
False
Is 9467 a prime number?
True
Is 35935 a prime number?
False
Is 2463 a composite number?
True
Is 169817 prime?
True
Is 565817 composite?
True
Is 334751 a composite number?
False
Is 38993 a composite number?
False
Is 110671 prime?
False
Is 38435 composite?
True
Is 1835 prime?
False
Is 19091 a composite number?
True
Is 85139 a composite number?
True
Is 155443 a composite number?
False
Is 879 composite?
True
Is 48947 composite?
False
Is 205393 a composite number?
True
Is 17783 prime?
True
Is 183089 a composite number?
False
Is 9571 a prime number?
False
Is 97231 prime?
True
Is 13033 a composite number?
False
Is 2246609 a prime number?
True
Is 36535 composite?
True
Is 78263 prime?
False
Is 50311 prime?
True
Is 468439 a prime number?
True
Is 107441 a prime number?
True
Is 9853 composite?
True
Is 74017 a composite number?
False
Is 2291 prime?
False
Is 334877 composite?
False
Is 46653 composite?
True
Is 830767 prime?
False
Is 1523491 a composite number?
False
Is 965477 a composite number?
True
Is 2705 a composite number?
True
Is 87697 a composite number?
